 = -49 - a. List the prime factors of u.
2, 5
Let y = -30 - -43. Let s = y - 1. What are the prime factors of s?
2, 3
Suppose -2*y + 3*t + 813 = 0, -11*y + 12*y - 402 = 3*t. What are the prime factors of y?
3, 137
Suppose 5*j + 5 = 5*w, -2*j + 4*w + 1 = 11. Suppose -5*v + 4*l + 234 = 0, -2*l + 4*l - 8 = 0. Suppose j*o - v = o. List the prime factors of o.
5
Let q be ((-6)/14)/(2/(-14)). Let t(f) = 5*f**3 + 7. List the prime factors of t(q).
2, 71
Let y(w) = -w**2 + 8*w - 3. Let b(r) = r + 13. Let d be b(-7). Suppose d*x - 25 = x. List the prime factors of y(x).
2, 3
Suppose -3*v - q - 769 = -4*v, -5*q = v - 793. List the prime factors of v.
773
Let b = -79 + 143. Let a = -47 + b. List the prime factors of a.
17
Let j be (88/5)/((-2)/(-25)). Suppose -41*m + 302 = -39*m. Let z = j - m. What are the prime factors of z?
3, 23
What are the prime factors of 7115*(-4 + 154/35)?
2, 1423
Let h = 35 - -672. List the prime factors of h.
7, 101
Let z = 1930 - 1020. List the prime factors of z.
2, 5, 7, 13
Let y = 12 - 18. Let c(v) = v - 5. Let u be c(y). Let b = -6 - u. List the prime factors of b.
5
Let y(i) be the second derivative of i**4/4 + 5*i**3/6 + i**2 - 11*i. What are the prime factors of y(3)?
2, 11
Let n = 879 + -357. List the prime factors of n.
2, 3, 29
Let r(x) = -36*x - 20. What are the prime factors of r(-5)?
2, 5
Suppose 0 = -5*n - 5*z + 1650, 78 + 252 = n - 5*z. Suppose -265 = -5*v + n. List the prime factors of v.
7, 17
Let x(h) = -h**2 + 5*h - 2. Let t be x(4). Suppose -2*j = t*j - s + 550, -544 = 4*j - 4*s. List the prime factors of (16/24)/((-4)/j).
23
Let g(m) = m + 10. Let r be 66/(-8) - 3/4. Let o be g(r). Let z(f) = 17*f + 1. List the prime factors of z(o).
2, 3
Suppose c + 3*q + 63 = 0, -5*c - 5*q = -4*c + 73. Let r = c + 97. What are the prime factors of r?
7
What are the prime factors of 4 + 0 + 54*(-18)/(-4)?
13, 19
Suppose 10*p - p = 6372. List the prime factors of p.
2, 3, 59
Let j be ((-2)/3)/(6/99). Let q be (-9 - j)/((-2)/14). Let t = 22 + q. What are the prime factors of t?
2
Let p be 48/10 + (-1)/(-5). Suppose p + 4 = -3*u. Let l = u - -5. What are the prime factors of l?
2
Suppose 5*c + 437 = 2*v, 0 = 10*c - 6*c + 20. List the prime factors of v.
2, 103
Let y = -10 - -13. Let f be y*((-132)/9)/(-2). Let l = f + -12. What are the prime factors of l?
2, 5
Let w be (4 + -2)*(-15 - -16). Let m(i) = 15*i**3 + 5*i**2 - 5*i - 3. List the prime factors of m(w).
127
Let u(h) = h**3 - h**2 + 2*h + 37. Suppose p = 4*p + p. List the prime factors of u(p).
37
Let l(h) = -16*h - 1. Let k be 45/(-39) + (-2)/(-13). What are the prime factors of l(k)?
3, 5
Suppose 4*y - 9*y + 260 = 0. What are the prime factors of y?
2, 13
Suppose -20*m + 354 = -17*m. List the prime factors of m + 0 - 0/14.
2, 59
Suppose -19 = -6*m + 5. Suppose -3*z = 4*t + 139, -4*z - 145 = m*t - 3*z. Let h = t + 63. What are the prime factors of h?
2, 13
Let l be -30 - (-4 - (4 - (11 + -1))). List the prime factors of (l/(-36))/4 - (-1724)/18.
2, 3
Let t(r) = -36*r**2 - 2*r + 1. Let a be t(-3). Let n = 492 + a. Suppose -3*v = 2*v - n. List the prime factors of v.
5, 7
Let f(x) = -5*x**3 - x**2 - x. Let h be f(-1). Suppose h*y + 25 = 4*s - 327, -s + 2*y = -85. Suppose -s = -3*o - 9. List the prime factors of o.
2, 7
Let r = -7739 + 11064. What are the prime factors of r?
5, 7, 19
Suppose 64 = -5*b + 24. Let s = -18 - 0. Let v = b - s. List the prime factors of v.
2, 5
Suppose -95*z + 91*z = -14384. What are the prime factors of z?
2, 29, 31
Suppose 0 = -25*x + 124 + 51. Let p(t) = -8 + 19 - t + 7. List the prime factors of p(x).
11
Suppose 0 = 2*b - 1 - 5. Let u(s) = -s. Let x be u(-4). Suppose -b*i - 18 = -l, 0 = l + x*i - 0 - 4. List the prime factors of l.
2, 3
Let o(p) = 2*p**3 - 2*p**2 + 2. Let b be o(-3). Let i = b + 123. What are the prime factors of i?
53
Suppose 7*f - 1946 = -504. List the prime factors of f.
2, 103
Let q(s) = s**3 - 9*s**2 + 10*s + 15. Let i(w) = -3*w - 1. Let b be i(-2). Suppose -p + 3 = -b. What are the prime factors of q(p)?
31
Let d = -105 + 47. Let a = 16 - d. What are the prime factors of a?
2, 37
Let f(k) = -17*k - 3. Let l(u) = -18*u - 3. Let t be (2 - 0) + 3 + 0. Let n(h) = t*l(h) - 4*f(h). What are the prime factors of n(-2)?
41
Suppose b - 5*y = -7 + 51, 5*b - 104 = -4*y. Suppose -7*i + 732 = -b. Suppose i - 24 = 4*p. What are the prime factors of p?
3, 7
Let n = -162 - -91. Let b = 37 - n. What are the prime factors of b?
2, 3
Let n(u) = 76*u + 6. Let c be n(3). Let g = c + -128. List the prime factors of g.
2, 53
Suppose -4*x - x = 0. Suppose x = -2*d + 4*d + 48. Let w = 51 + d. List the prime factors of w.
3
Let v = -24 - -22. Let m be ((v - 1) + 87)*-2. What are the prime factors of (m/(-15))/(8/20)?
2, 7
Suppose 335 + 133 = 4*s. What are the prime factors of s?
3, 13
Let h be (-2 - (-1 - 0)) + 28. Let a = h - 61. Let t = -20 - a. List the prime factors of t.
2, 7
Let u = 2578 - 750. List the prime factors of u.
2, 457
Let q = 15 + 12. Let p = -27 + q. Suppose p = -u + 7. What are the prime factors of u?
7
What are the prime factors of ((-10)/(650/15431))/((-2)/10)?
1187
Suppose -4*z + 5*p = -2741, -2*z + p + 1365 = 4*p. List the prime factors of z.
2, 3, 19
Let z(a) = -286*a**3 - 5*a**2 - 2*a - 2. List the prime factors of z(-2).
2, 5, 227
Suppose -3*n - 119 = -3*q + 91, 280 = 4*q + n. List the prime factors of q.
2, 5, 7
Let x be (-24)/6 + -134 + -4. Let w = 336 + x. List the prime factors of w.
2, 97
Let z = 6 - -22. Let v = z - 9. What are the prime factors of v?
19
Let z = 7 - 3. Suppose -5*i + 26 = -z*r + 147, 5*i = -3*r + 47. Suppose -a + 17 + r = 0. List the prime factors of a.
41
Let z = -4312 - -6112. List the prime factors of z.
2, 3, 5
Let g = 884 + -337. List the prime factors of g.
547
Suppose -1 = 2*z - 5*l, -7 = -3*z + 3*l - 4*l. Suppose -z = -4*q + 2. What are the prime factors of (-26 + -2)*q/(-2)?
2, 7
Let f(o) be the third derivative of 7*o**5/60 - o**4/6 - o**3/3 + 12*o**2 + 2*o. List the prime factors of f(6).
2, 113
Suppose 2*p - 12 = -2. What are the prime factors of (-2)/(3/2 + p + -7)?
2
Let r(f) be the third derivative of 0*f + 0 - 1/6*f**3 - 5/12*f**4 - 9*f**2 - 1/60*f**5. What are the prime factors of r(-8)?
3, 5
Let v(k) = k**3 - 4*k**2 - 16. Let m be v(5). List the prime factors of 5*(143/45 - (-2)/m).
17
Let a(m) = -m**3 + 3*m**2 + 2*m + 8. Let w be a(4). Suppose 4*k - 463 = -5*x, -k - x + 116 = -w*k. What are the prime factors of k?
3, 13
Suppose 0 = 2*t - 2*a - 2*a - 4, -2*t + 5*a = -2. Suppose t*h = 220 + 326. List the prime factors of h.
7, 13
Suppose 3 = r + x, -4*r + 2 = -6*r + 2*x. List the prime factors of r + 168/(6/2).
3, 19
Let o(q) = -q + 2*q - q + 15*q**3 - 2*q + 3*q**2 + 2. What are the prime factors of o(2)?
2, 5, 13
Suppose -5*a + 8 = -12. Let q = a + -1. Suppose -4*t + 6 + 5 = -3*c, 3 = 3*t + q*c. List the prime factors of t.
2
Let a = -391 - -579. Suppose t - 67 = 2*i + i, -4*t - 4*i + a = 0. What are the prime factors of t?
2, 13
Let u(d) = d**2 + 9*d + 11. Let n be u(-8). Let b(y) = y**3 - 3*y**2 + 7*y - 1. What are the prime factors of b(n)?
2, 5
Suppose -3*p + 5*n = -67, -p - 2*n + 3 = -1. Let f(g) = g**3 - 15*g**2 + 14*g + 6. List the prime factors of f(p).
2, 3
Let o be (-14)/(1*6/87). List the prime factors of 29/o - 2/(28/(-1766)).
2, 3, 7
Let r = 52 + -61. What are the prime factors of 2/3 - (1389/r - -1)?
2, 7, 11
Suppose 2*p - 938 = -2*s + 98, -5*s = -4*p + 2027. List the prime factors of p.
3, 19
Suppose 4*f - h - 72 = h, 4*f + h = 60. What are the prime factors of f/32*1*508?
2, 127
Let d be (-5)/20 + 26/8. Suppose 5*f - d*f = 60. Suppose u - f = -1. What are the prime factors of u?
29
Let b be 27 + -1*(0 - -1). Suppose 4*l - 2*q = 26, q - 18 = -3*l + 2*q. Suppose -b = -3*k + 4*g, -11 - 9 = -l*g. What are the prime factors of k?
2, 7
Let s(h) be the first derivative of -h**4/4 - h**3 + 13*h**2/2 - h - 47. What are the prime factors of s(-8)?
5, 43
Let v be 1409/3 + 24/(-9) + 3. Suppose 4*u - v = -u. List the prime factors of u.
2, 47
Let n(v) = -122*v - 3. Let i(s) = s**3 + 11*s**2 + 17*s - 10. Let u be i(-9). List the prime factors of n(u).
7, 17
List the prime factors of (25 + -32)/(266/267 - 1).
3, 7, 89
List the prime factors of 20/190 + 0 - (-50878)/38.